{"id":9,"date":"2023-08-07T13:36:07","date_gmt":"2023-08-07T11:36:07","guid":{"rendered":"http:\/\/miniaturemodelisme.fr\/?page_id=9"},"modified":"2024-03-05T16:00:05","modified_gmt":"2024-03-05T15:00:05","slug":"a-propos","status":"publish","type":"page","link":"https:\/\/miniaturemodelisme.fr\/index.php\/a-propos\/","title":{"rendered":"\u00c0 propos de M. M. C."},"content":{"rendered":"\n<p><\/p>\n\n\n\n<p class=\"has-text-align-left has-neve-text-color-color has-text-color\">En 2015, une volont\u00e9 commune, une passion commune pour le monde des miniatures poussent les deux amis, accompagn\u00e9s par le club angoumoisin de mod\u00e9lisme ferroviaire, \u00e0 organiser une Bourse d&rsquo;\u00e9change annuelle \u00e0 La Couronne. La municipalit\u00e9 nous accueille bien volontiers en mettant \u00e0 notre disposition un espace couvert de 1400m2 et le mat\u00e9riel appropri\u00e9 pour accueillir les exposants et les visiteurs. La premi\u00e8re Bourse aura lieu un an apr\u00e8s en 2016. S&rsquo;appuyant sur le Club de Mod\u00e9lisme Ferroviaire d&rsquo;Angouleme pour pr\u00e9senter  ses r\u00e9seaux et ses maquettes, M.M.C. propose d\u00e8s cette premi\u00e8re, de montrer au public les joies de la conduite des trains miniatures  et des autos sur circuit. Au fil des ann\u00e9es, le succ\u00e8s rencontr\u00e9 tant pour les exposants que par  les visiteurs nous conduit \u00e0 agrandir la partie exposition en invitant des clubs voisins .Aujourd&rsquo;hui, la Bourse d&rsquo;\u00e9change est devenu le rendez-vous annuel des collectionneurs et le point de rencontre des passionn\u00e9s charentais. <\/p>\n\n\n\n<div class=\"wp-block-cover alignfull\" style=\"min-height:300px;aspect-ratio:unset;\"><span aria-hidden=\"true\" class=\"wp-block-cover__background has-nv-site-bg-background-color has-background-dim-100 has-background-dim\"><\/span><div class=\"wp-block-cover__inner-container is-layout-flow wp-block-cover-is-layout-flow\">\n<p class=\"has-text-align-center has-large-font-size\"><\/p>\n<\/div><\/div>\n","protected":false},"excerpt":{"rendered":"<p>En 2015, une volont\u00e9 commune, une passion commune pour le monde des miniatures poussent les deux amis, accompagn\u00e9s par le club angoumoisin de mod\u00e9lisme ferroviaire, \u00e0 organiser une Bourse d&rsquo;\u00e9change annuelle \u00e0 La Couronne. La municipalit\u00e9 nous accueille bien volontiers en mettant \u00e0 notre disposition un espace couvert de 1400m2 et le mat\u00e9riel appropri\u00e9 pour&hellip;&nbsp;<a href=\"https:\/\/miniaturemodelisme.fr\/index.php\/a-propos\/\" class=\"\" rel=\"bookmark\">Lire la suite &raquo;<span class=\"screen-reader-text\">\u00c0 propos de M. M. C.<\/span><\/a><\/p>\n","protected":false},"author":1,"featured_media":110,"parent":0,"menu_order":0,"comment_status":"closed","ping_status":"closed","template":"","meta":{"neve_meta_sidebar":"","neve_meta_container":"","neve_meta_enable_content_width":"on","neve_meta_content_width":100,"neve_meta_title_alignment":"","neve_meta_author_avatar":"","neve_post_elements_order":"","neve_meta_disable_header":"","neve_meta_disable_footer":"","neve_meta_disable_title":"off","footnotes":""},"class_list":["post-9","page","type-page","status-publish","has-post-thumbnail","hentry"],"_links":{"self":[{"href":"https:\/\/miniaturemodelisme.fr\/index.php\/wp-json\/wp\/v2\/pages\/9","targetHints":{"allow":["GET"]}}],"collection":[{"href":"https:\/\/miniaturemodelisme.fr\/index.php\/wp-json\/wp\/v2\/pages"}],"about":[{"href":"https:\/\/miniaturemodelisme.fr\/index.php\/wp-json\/wp\/v2\/types\/page"}],"author":[{"embeddable":true,"href":"https:\/\/miniaturemodelisme.fr\/index.php\/wp-json\/wp\/v2\/users\/1"}],"replies":[{"embeddable":true,"href":"https:\/\/miniaturemodelisme.fr\/index.php\/wp-json\/wp\/v2\/comments?post=9"}],"version-history":[{"count":1,"href":"https:\/\/miniaturemodelisme.fr\/index.php\/wp-json\/wp\/v2\/pages\/9\/revisions"}],"predecessor-version":[{"id":330,"href":"https:\/\/miniaturemodelisme.fr\/index.php\/wp-json\/wp\/v2\/pages\/9\/revisions\/330"}],"wp:featuredmedia":[{"embeddable":true,"href":"https:\/\/miniaturemodelisme.fr\/index.php\/wp-json\/wp\/v2\/media\/110"}],"wp:attachment":[{"href":"https:\/\/miniaturemodelisme.fr\/index.php\/wp-json\/wp\/v2\/media?parent=9"}],"curies":[{"name":"wp","href":"https:\/\/api.w.org\/{rel}","templated":true}]}}